what is d67646 + 0?
d67646
In base 5, what is 22040331312 - 10?
22040331302
In base 9, what is 5 + -41260?
-41254
In base 2, what is 10001101000111101001 + -100001100?
10001101000011011101
In base 8, what is 110 + -1340655?
-1340545
In base 6, what is 20411 + -33203?
-12352
In base 4, what is 2 + -121013331200?
-121013331132
In base 10, what is -11217 + 684?
-10533
In base 16, what is 41a - -143a?
1854
In base 16, what is cc8ebe + 2?
cc8ec0
In base 12, what is -1b0ba5 - -696?
-1b050b
In base 15, what is -10de5 - -57?
-10d8d
In base 3, what is 11121 - 11101221120?
-11101202222
In base 7, what is -366543531 - -4?
-366543524
In base 5, what is -102320442 + -3432?
-102324424
In base 7, what is -215 + -10445?
-10663
In base 11, what is 11371722 - -4?
11371726
In base 3, what is 111020121020012 + -2?
111020121020010
In base 15, what is 2553 + -2251?
302
In base 10, what is 214 - -17904?
18118
In base 10, what is -5 + -174683424?
-174683429
In base 16, what is -2458 + -7ee?
-2c46
In base 13, what is 2c6c3 - -91?
2c784
In base 9, what is -25013164 + -4?
-25013168
In base 7, what is 60 - -13620543?
13620633
In base 13, what is -1a699 - -2?
-1a697
In base 5, what is -34 - 32304312141?
-32304312230
In base 8, what is 210 + -1220156?
-1217746
In base 9, what is 4 - -47431106?
47431111
In base 2, what is 100101001010100101 - 110000101100?
100100011001111001
In base 15, what is -1121a0c - -3?
-1121a09
In base 2, what is -1111100011111 + -1001000010111?
-11000100110110
In base 13, what is -18 - -9a990?
9a975
In base 9, what is -7 + -22800200?
-22800207
In base 6, what is 3221 + 5215121?
5222342
In base 7, what is -122134602 - -3?
-122134566
In base 3, what is -2222011 - -2120020?
-101221
In base 14, what is 20d2 + 110b?
31dd
In base 6, what is -21015 - -255251?
234232
In base 14, what is -dc8 - 3118b?
-32175
In base 11, what is -2554 + 13a3?
-1161
In base 3, what is -12 + -120222120021110?
-120222120021122
In base 4, what is 10 + 2011230331?
2011231001
In base 11, what is -8304aa + -2?
-830501
In base 8, what is -5 - 16364741?
-16364746
In base 2, what is 1001101 + -110100001110000?
-110100000100011
In base 15, what is 1 + -192ed72?
-192ed71
In base 14, what is 1c53937d + 2?
1c539381
In base 8, what is 1704062244 + -3?
1704062241
In base 12, what is -4b2 + -243a93?
-244385
In base 4, what is -223101313 - -13133?
-223022120
In base 5, what is 10 + 202013112?
202013122
In base 4, what is 201 - 232021203000?
-232021202133
In base 14, what is 4 + -283887b?
-2838877
In base 4, what is 102 + -103131122122?
-103131122020
In base 14, what is -22 - -1891d0?
1891ac
In base 14, what is -4b1b - 50b?
-5228
In base 12, what is 115a5693a + -1?
115a56939
In base 3, what is -1001200 + 221211121?
220202221
In base 13, what is 33 + cabb?
cb21
In base 6, what is -1 + -1510000205?
-1510000210
In base 8, what is 2257 + 2032?
4311
In base 15, what is 2 - -7ad5ae?
7ad5b1
In base 12, what is -22bb878 + 4?
-22bb874
In base 4, what is 102 - 11323313030?
-11323312322
In base 7, what is -2 + 110434252?
110434250
In base 4, what is -1101321131 - 131333?
-1102113130
In base 4, what is -221322111 - -221?
-221321230
In base 8, what is -13274 + 211514?
176220
In base 8, what is 2731 - -235147?
240100
In base 15, what is 26d + 3eede?
4025c
In base 8, what is -4305526 - 704?
-4306432
In base 9, what is -8648 - -13781?
4132
In base 12, what is -2 - 8656084?
-8656086
In base 7, what is 0 - 445315?
-445315
In base 10, what is -9 - -30626?
30617
In base 11, what is 5 - -97477?
97481
In base 8, what is -34 - 3263612?
-3263646
In base 4, what is -12 - -2002102023?
2002102011
In base 4, what is -10 + 22300002230?
22300002220
In base 14, what is 1 + -2442c00?
-2442bdd
In base 14, what is 205bd5c + -4?
205bd58
In base 9, what is -1668 + 3102?
1323
In base 9, what is 53 + 280816?
280870
In base 13, what is 271 + 7073?
7314
In base 7, what is -315 - 1645423?
-1646041
In base 11, what is -2 + -64096671?
-64096673
In base 8, what is -362247 - -5473?
-354554
In base 7, what is 236112410 - -2?
236112412
In base 5, what is 4 - -240002133?
240002142
In base 13, what is -a - 449074c?
-4490759
In base 16, what is 53557 + -6b?
534ec
In base 10, what is 341 - 223433?
-223092
In base 13, what is -c5 + -2b433?
-2b528
In base 9, what is -2443301 + 17?
-2443273
In base 14, what is 2a10561 + 0?
2a10561
In base 6, what is -2410 - -30335?
23525
In base 6, what is 14224210551 + -3?
14224210544
In base 2, what is -111101111011001000 + -1000001011?
-111110000011010011
In base 8, what is 12273 - 61?
12212
In base 6, what is -1335 - -3515445?
3514110
In base 8, what is 0 - 41643417?
-41643417
In base 9, what is 67 - -16500716?
16500784
In base 11, what is -10a - 31908?
-31a17
In base 8, what is -17754 - -475?
-17257
In base 8, what is -1 - -1417765654?
1417765653
In base 15, what is 395 - 16e42?
-16a9c
In base 15, what is -cea + -ac7?
-18c2
In base 7, what is 4604 - -2216236?
2224143
In base 14, what is -170c - 3da?
-1b08
In base 7, what is -2 + -40024535?
-40024540
In base 9, what is 5 - 23025123?
-23025117
In base 7, what is -140 - 1400235?
-1400405
In base 2, what is 110110 + -11111111000100110?
-11111110111110000
In base 14, what is -4831b5c + a?
-4831b52
In base 3, what is -10021121212202022 - 10?
-10021121212202102
In base 16, what is a + a6fa05?
a6fa0f
In base 14, what is -23 - 26dc9?
-2700c
In base 4, what is -10 + -10331333213?
-10331333223
In base 10, what is -48577887 + 4?
-48577883
In base 4, what is 1 + -313230020321?
-313230020320
In base 6, what is 154034403 - -240?
154035043
In base 12, what is -15725718 - -5?
-15725713
In base 2, what is -110001100010 + -1011011111011?
-10001101011101
In base 11, what is 706 - -10839?
11444
In base 15, what is -e - 615bd84?
-615bd93
In base 3, what is -12 - 1112122112001010?
-1112122112001022
In base 9, what is 31532 - 72305?
-40663
In base 3, what is -11 + -11220211200212?
-11220211201000
In base 8, what is 112 + -127033?
-126721
In base 7, what is 1014 - -1350301?
1351315
In base 5, what is 130410402 + 12?
130410414
In base 5, what is 102142 + 401221?
1003413
In base 9, what is 47655 + -25311?
22344
In base 15, what is 15 + 137d42?
137d57
In base 11, what is -302 + -312a8?
-315aa
In base 4, what is -320012010 + 1001?
-320011003
In base 14, what is 251086 + -64?
251022
In base 11, what is 195830 + -47?
195794
In base 3, what is -1112 + -10200102212002?
-10200102220121
In base 4, what is 0 - -22221031002033?
22221031002033
In base 10, what is 57249 + -458?
56791
In base 2, what is -111100111101 - 1101101100111?
-10101010100100
In base 8, what is -1027055 - -530?
-1026325
In base 10, what is -245086 + -23?
-245109
In base 14, what is -658d - 30d?
-689c
In base 3, what is -102220 + -121202120111?
-121210000101
In base 5, what is 331411443232 + 0?
331411443232
In base 10, what is 4 + 12802551?
12802555
In base 5, what is 20141 + 404324?
430020
In base 3, what is 0 - -200202112010122?
200202112010122
In base 13, what is 5 + 4135292?
4135297
In base 8, what is -63251372 + 2?
-63251370
In base 11, what is -110469 - -1615?
-109954
In base 3, what is 2012001122112022 + 102?
2012001122112201
In base 10, what is 4309051 - 5?
4309046
In base 7, what is 1300501 + 46?
1300550
In base 8, what is -14444652 - 5?
-14444657
In base 4, what is 2231 - 1322301?
-1320010
In base 4, what is -33121 - -2220231?
2121110
In base 10, what is -15549 - -7970?
-7579
In base 3, what is -110121020 + 110201?
-110010112
In base 6, what is -4414444 + -3525?
-4422413
In base 5, what is 1003430 + 2211?
1011141
In base 15, what is ba64 + 1b42?
d6a6
In base 2, what is -10011 - -1011001101111101?
1011001101101010
In base 14, what is 1 - 473dd?
-473dc
In base 5, what is 2 + -111143104043?
-111143104041
In base 5, what is -114 + 12121142?
12121023
In base 14, what is 4 + -770c24b?
-770c247
In base 15, what is -aa17 - 14b?
-ab63
In base 16, what is d7076 + -b?
d706b
In base 4, what is -121000110 - -203?
-120333301
In base 7, what is 15524633535 - -5?
15524633543
In base 12, what is -a66 - -1b752?
1a8a8
In base 13, what is -515 + 51b?
6
In base 2, what is -101100000 - 1001001101100110?
-1001010011000110
In base 9, what is -88071 - 20?
-88101
In base 9, what is 68746605 + 13?
68746618
In base 14, what is -7892 + -93